86 is divided by 22/(-4)*24/l?
20
Let s = 91 + -86. Suppose -15*m + s*m + 140 = 0. What is the remainder when 55 is divided by m?
13
Suppose -31*j + 380 = 7*j. Calculate the remainder when 8/(-3)*81/(-12) is divided by j.
8
Let z = -261 - -295. Calculate the remainder when z is divided by 28.
6
Let l(v) = v**2 - 2*v - 7. Calculate the remainder when l(-5) is divided by 4 + (6*1 - (120/8 - 11)).
4
Let o be ((-10)/(-4))/((-5)/(-10)). Suppose 0 = -b - 3*p + 27, 4*b - 33 = o*p + 7. Calculate the remainder when 25 is divided by b.
10
Let q = 142 + -136. Let c = -3 - -5. What is the remainder when q is divided by c?
0
Suppose 136 = 12*l - 68. Calculate the remainder when 167 is divided by l.
14
What is the remainder when 40/(-12)*(-8 + 6/12) is divided by 9?
7
Suppose -4*b = -5*b + 27. Suppose 0*i + 5*i = 85. Suppose 0 = m + 2 - i. Calculate the remainder when b is divided by m.
12
Calculate the remainder when 85 is divided by (3 - (-2 - 19)) + 6 + -7.
16
Suppose -4*r - m + 5*m = -64, 2*m = 3*r - 48. Suppose 3*u + 25 = a, 0 = 5*a - u - 43 - 110. What is the remainder when a is divided by r?
15
Suppose 5*l - 23 = 17. Let b(f) = -4*f - 10. What is the remainder when b(-9) is divided by l?
2
Let y(o) = o**3 + 8*o**2 + 4*o - 11. Calculate the remainder when 57 is divided by y(-7).
7
Suppose 4*n + 3*c + 4 = 16, 0 = -4*n - 2*c + 16. Suppose 8*s - 11*s = -4*q + 106, -4*s = 5*q - 148. Calculate the remainder when q is divided by n.
4
Let j(t) = t**2 + 4*t - 8. Let l be j(-7). Let y = -19 + l. What is the remainder when 43 is divided by -44*(9/y)/3?
21
Suppose -3*s - 3*p = -927, -4*s - 5*p + 1301 = 64. What is the remainder when s is divided by 62?
60
Let u(b) = -2*b**3 + 61*b**2 + 30*b + 54. What is the remainder when 125 is divided by u(31)?
10
Suppose -5*h = -k - 173, 185 = 5*h - 0*k + 5*k. Let m = h - -7. Suppose x = -x - 5*d + 8, -4*x + m = -3*d. What is the remainder when 35 is divided by x?
8
Let x = 298 - 235. Calculate the remainder when x is divided by 34.
29
Suppose b + 2*n - 238 = -3*b, -3*n = b - 52. Calculate the remainder when 141 is divided by b.
19
Let a be 265/7 - (-2)/14. Let t = a - 22. Calculate the remainder when 60 is divided by t.
12
Let l(q) = -q + 11. Let d(a) = a**3 + 15*a**2 - 15*a + 7. Let f be d(-16). Calculate the remainder when 79 is divided by l(f).
19
Let s(a) = -6*a - 2 + 5*a + 4. Let q be s(1). Suppose z + 4*m = -q, 4*z - 2*m = -m + 81. Calculate the remainder when z is divided by 8.
3
Let c = 1 - 0. Calculate the remainder when 70 + ((-2)/(-2))/c is divided by 25.
21
Suppose -4*k = 2*g - 50, -6*k + 9*k - g - 35 = 0. Calculate the remainder when k is divided by 3.
0
Suppose 226*o + 592 = 228*o. Calculate the remainder when o is divided by 11.
10
Suppose -68*f + 70*f = n - 690, 4*f = 8. What is the remainder when n is divided by 41?
38
Let m be (17 - -2)/1 + -1. Suppose -m = -2*u + 2*v, -2*v + 6 = -0*v. Calculate the remainder when 44 is divided by u.
8
Let c = 37 + -26. Calculate the remainder when 83 is divided by c.
6
Suppose 6*m - 18 = 4*m. Let l be (2 - 7)*16/10. What is the remainder when m is divided by (l/10)/((-12)/30)?
1
Suppose 0 = 5*z - 7*z. Suppose z = 2*q + 3*q - 50. Calculate the remainder when 55 is divided by q.
5
Suppose -m - 1841 = -1844. Let q(n) = -n**3 + 6*n**2 - 3*n - 7. Calculate the remainder when q(5) is divided by m.
0
Let q(m) = 2*m**3 + 8*m**2 + 9*m + 13. Let c(x) = -2*x**3 - 8*x**2 - 8*x - 12. Let j(k) = -4*c(k) - 3*q(k). What is the remainder when 69 is divided by j(-3)?
9
Let s = -271 + 167. Let c = -55 - s. Calculate the remainder when c is divided by ((-6)/(-9))/((-2)/(-39)).
10
Calculate the remainder when 39 is divided by (330/40 - 6)/(6/56).
18
Suppose 0 = j + 4*g - 14, -18 = -j - j - 3*g. Suppose j - 28 = -y. Let l = 5 + 1. Calculate the remainder when y is divided by l.
4
Let l(q) = 2*q + 15. Let h be l(-7). Suppose d - 5 = h. What is the remainder when 35 is divided by d?
5
Let k be (3 + (-10)/4)*0. Suppose -5*t + 170 = -k*t. Calculate the remainder when t is divided by 10.
4
Suppose 3*t - t - 174 = -4*a, -3*a = 5*t - 456. What is the remainder when t is divided by 8?
5
Calculate the remainder when -22*(-60)/50 + 3/5 is divided by 1*1/(1/15).
12
Let k(j) = -2*j**2 + 5*j - 3. Let w be k(3). Let s be (-2)/((-8)/2 - w). Calculate the remainder when s/2 - (-791)/14 is divided by 19.
18
Suppose 4*m - 4 = 28. Let f = 13 - -32. What is the remainder when m is divided by 36/10 - 27/f?
2
Let w(l) = -1568*l**3 + 11*l**2 + 8*l - 2. What is the remainder when w(-1) is divided by 131?
128
Let n(v) = 8*v - 7. Let x(l) = 7*l - 6. Let h(m) = -3*n(m) + 4*x(m). Calculate the remainder when 48 is divided by h(7).
23
Let u = -9 + 14. Suppose -u*n - 10 = 3*r + r, -n - 5*r - 23 = 0. Suppose 4*s - x = 237, n*s = 7*s - 2*x - 297. What is the remainder when s is divided by 20?
19
Suppose -m = -0*m - 3*g - 25, 4*g = -m + 39. Suppose -3*o + 24 = -24. Let c = 24 - o. Calculate the remainder when m is divided by c.
7
Let g(v) = 4*v + 185. Calculate the remainder when 566 is divided by g(-44).
8
Let y(d) = 21*d + 1. Let s = -480 + 509. Calculate the remainder when y(4) is divided by s.
27
Suppose 2*b - 5*k = 6 + 17, b + 2 = -2*k. Suppose -144 = -5*h + 3*w, -b*h - 4*w + 38 = -3*h. What is the remainder when 149 is divided by h?
29
Let a = -29 - -38. Suppose -a = b - 4*b. What is the remainder when 6 is divided by b?
0
What is the remainder when 359 is divided by 54/(-10)*(-3000)/225?
71
What is the remainder when 174 is divided by 19*1/((-7)/(-21))?
3
Let g(v) = 2*v**2 + 15*v - 169. What is the remainder when g(10) is divided by 93?
88
Suppose -5*h - b = -1848, 3*h - 1102 = 5*b - 9*b. What is the remainder when h is divided by 7?
6
Let f be ((-1)/4)/(1/(-12)). Let y be f + -1 + 41 - 0. Suppose h = -2*t + 20 - 3, -y = -4*t + h. Calculate the remainder when 28 is divided by t.
8
Let m(o) = -o**2 - 11*o - 1. Suppose 2*y = a - 11, -2*y + 3*a - 10 = a. Let v be m(y). Calculate the remainder when 6/(-27) + v/9 is divided by 2.
1
Suppose -4*w - 12*w = -496. Suppose 0*v = 5*v - 15. Suppose -6*y + 33 = -v*y. What is the remainder when w is divided by y?
9
Let v(d) = -d**2 - 2*d + 4. Let j be v(0). Suppose -94 + 22 = -j*i. What is the remainder when i is divided by 4?
2
Let p(q) = q**2 + 4*q + 5. Let w be p(-11). Suppose 0 = -5*a - 5*z + 725, 3*a = 3*z + w + 377. What is the remainder when a is divided by 51?
47
Let s = 484 - 427. Calculate the remainder when 510 is divided by s.
54
Let b(g) = -8 - 5*g**2 - 3*g**2 + g + 11*g**2 - 2*g**2. What is the remainder when 167 is divided by b(6)?
31
Let y = -141 + 248. Let s = y + -47. Calculate the remainder when s is divided by 9.
6
Let j = 798 + -796. What is the remainder when 10 is divided by j?
0
Suppose -2*s = 3*g - 41, 2*g - 21 = -2*s + 7. Let b = 17 - g. What is the remainder when (-29)/(1 - -2 - b) is divided by 10?
9
Suppose -26*d = -17*d - 630. Calculate the remainder when d is divided by (148/(-6))/((-2)/3).
33
Let q(l) = 6*l + 218. Calculate the remainder when q(-26) is divided by 48.
14
Suppose -3*a + 95 = k, -5*k - 5 = a - 2*a. Let f = -77 - -108. Suppose -t - 5*c + 130 = f, 5*t + 5*c - 575 = 0. What is the remainder when t is divided by a?
29
Let o = 1375 + -1367. Calculate the remainder when 77 is divided by o.
5
Let i(c) = 14*c**2 + 2*c + 3. Suppose 186 = -2*l + 8*l. Calculate the remainder when i(-3) is divided by l.
30
Let c = 1 - -5. Let q = 865 - 831. What is the remainder when q is divided by (c - 0)*(4 - 1)?
16
Calculate the remainder when 64 is divided by -5 + (-2)/12 + 399/18.
13
Calculate the remainder when 76 is divided by (-592)/(-37) + 0/1.
12
Let b(z) = 124*z + 210. Calculate the remainder when b(6) is divided by 11.
8
Suppose -s = -3*s + 34. Suppose 3 = -2*u + 25. What is the remainder when s is divided by u?
6
Let b be (4/(-1))/(3 - 2). Let g(y) = y**3 - 9*y**2 + 26*y - 22. Calculate the remainder when (-2 + (-3)/b)*-60 is divided by g(6).
23
Suppose -5*i + 14*i - 198 = 0. What is the remainder when 40 is divided by i?
18
Let r(p) = -34*p - 120. Calculate the remainder when r(-8) is divided by 13.
9
Let o(k) = 175*k - 1042. Let q(t) = 2*t**2 - 4*t - 2. What is the remainder when q(4) is divided by o(6)?
6
Suppose 0 = 3*f + o - 3*o - 262, -3*f = 